1 + (5 - (-2 + 3)). Let g be a(l). Calculate the highest common factor of g and 5.
1
Let m = -108 - -116. Suppose 0*s + 4*s - 36 = 4*n, 5*s - 25 = n. Suppose -s*k + 28 = -4*y, 3*k = 4*y - 0*y + 20. What is the greatest common divisor of k and m?
8
Suppose 3*f = -2*n + 20, -40 = -n - 3*n + 3*f. Let z(i) = i**3 - 8*i**2 + 10. Let w be z(8). Calculate the highest common divisor of w and n.
10
Let h = 80 - 58. Calculate the greatest common factor of 33 and h.
11
Let x = 48 - -36. Calculate the greatest common divisor of x and 12.
12
Let u be (9/12)/((-4)/288). Let x = 102 + u. Suppose -3*y + 80 = 2*y. Calculate the highest common factor of x and y.
16
Let a be 63/(-2)*-2*1. Let k be 11/3 - (-1)/3. Let b = k + 5. Calculate the greatest common divisor of a and b.
9
Let q = 65 - 27. Suppose -4*p + 4 = 0, 58 + 41 = w + 4*p. What is the highest common divisor of q and w?
19
Let m be (-338)/(-10) - (-5)/25. Calculate the greatest common divisor of 17 and m.
17
Let t(z) = z**2 + 10*z + 10. Let q be t(-9). Let m be (4 - 3)/((-2)/(-18)). What is the highest common divisor of m and q?
1
Let z = 31 - 19. Suppose -4*j - 4 = -16. Suppose -3*y = -5*a + 552, -340 = -j*a + 7*y - 3*y. Calculate the greatest common factor of a and z.
12
Suppose 0 = 5*a + 2*c - 12, a - 2*c = -7*c - 16. Suppose -m - 4*l = -26, -3*m + a*l = -0*m + 2. What is the greatest common factor of 18 and m?
6
Let n = 24 + -13. Calculate the greatest common factor of n and 33.
11
Suppose -6 - 29 = -5*d. Let u = 14 - d. Suppose -4*v = -8*v - q + 61, -5*v + q = -65. What is the highest common divisor of v and u?
7
Suppose -2*b - 120 = -4*b. Let k = b + -20. Let p = 8 + 8. What is the greatest common divisor of p and k?
8
Let o be (-1 + (-1 - 43))*-3. What is the greatest common divisor of 15 and o?
15
Suppose 0 = -3*z + 2*g + 346, 433 = 3*z + z + 3*g. Suppose t + 3*t - z = 0. Calculate the highest common factor of t and 14.
14
Let m = 0 - -20. Let b be 4/(-10)*m*-3. Calculate the greatest common factor of 6 and b.
6
Let i = 23 + -21. What is the highest common factor of i and 4?
2
Let w(r) = 12*r**2 + 3*r + 3. Suppose -1 = -4*p - 9. Let q be w(p). Let g = q - 9. Calculate the greatest common divisor of g and 9.
9
Let v = -22 + 48. What is the greatest common divisor of 39 and v?
13
Suppose 5*v = -0*v + 15. Suppose -v*r = 4*p - 103, -r = -3*p - 3*r + 78. What is the greatest common divisor of 140 and p?
28
Let v(a) = a**3 - 8*a**2 - a + 9. Let m be v(8). Let l be 3/(m - 4) - -1. Let u be 1 + 17 + l + -2. What is the greatest common divisor of 144 and u?
16
Let j(p) = -p - 4. Let o be j(-5). Let v(w) = 15*w**3 - w. Let d be v(o). Let t be (28/(-3))/((-1)/6). Calculate the greatest common divisor of t and d.
14
Let x(w) = -13*w + 2. Let q be x(-2). Calculate the greatest common divisor of 4 and q.
4
Suppose -20*f = 368 - 1008. Calculate the highest common divisor of 12 and f.
4
Let z be 330/4*(-24)/(-36). What is the greatest common divisor of z and 11?
11
Let x(f) = 91*f**2 - 8*f - 7. Let n be x(-1). Calculate the highest common divisor of n and 23.
23
Suppose n - 11 = -4*h, n = 2*h + 6*n - 19. Suppose -r - r + 4 = -h*m, m = -4*r + 33. Let b = r + -1. What is the greatest common factor of b and 2?
2
Let v = 2 + -7. Let g(m) = -3*m - 3. Let a(y) = 1. Let i(c) = 3*a(c) + g(c). Let n be i(v). Calculate the greatest common factor of 60 and n.
15
Let d(r) = 9*r**2 + 6*r + 1. Let p be d(5). Let a = p - 129. Suppose 0 = 4*i + 5*q - a + 9, -i - 3*q + 33 = 0. What is the greatest common divisor of 3 and i?
3
Let x(t) be the first derivative of 19*t**3/3 - t**2/2 - t + 4. Let c be x(-2). What is the greatest common divisor of c and 7?
7
Suppose -y + 175 = 2*j, 2*j - 6*j - 5*y + 353 = 0. Calculate the greatest common divisor of j and 58.
29
Suppose -91 = -4*r + 789. Suppose -2*s = -5*s + 12. Suppose 0 = s*d - r - 356. Calculate the greatest common divisor of d and 16.
16
Let f = 12 - 2. Calculate the highest common divisor of f and 110.
10
Suppose 20 - 7 = i. Calculate the highest common factor of i and 13.
13
Suppose 2*z - 5*u + 8 = 2, 0 = z + 2*u + 12. Let d = z + 20. What is the greatest common divisor of d and 84?
12
Let p(g) = g**3 + 6*g**2 + 5*g - 4. Suppose 2*d = -3*d - 20. Let t be p(d). What is the highest common divisor of 72 and t?
8
Let p(w) = 5*w**3 - w**2 + w. Let l be p(1). Suppose l*z - 3*z = 0. Suppose 4*s = 3*n + 4 - 5, z = -3*s + 6. What is the greatest common divisor of 2 and n?
1
Let n = -13 - -15. Suppose n*o - 6*o = -64. What is the highest common divisor of o and 112?
16
Suppose -1 - 21 = -j. Suppose 3*m + j = 4*m. Suppose 2 = -0*p + p. What is the highest common divisor of p and m?
2
Suppose -5*d - 4 = -3*t, 6*t - t = -3*d + 18. Suppose -4*q + t*q = -197. Let v = q + -109. What is the highest common factor of v and 11?
11
Let a be ((-136)/6)/(1/(-3)). What is the highest common divisor of a and 17?
17
Let c = 102 - 95. Let n = 85 + -36. Calculate the highest common divisor of n and c.
7
Suppose 1 = 5*s + 26, 2*n - 9 = -3*s. Let a be (n/10)/(12/200). What is the greatest common factor of a and 40?
20
Let s = 16 + 16. Calculate the greatest common divisor of 352 and s.
32
Let i be (33/(-9) + 4)*222. Let y = i - 53. Calculate the greatest common divisor of 231 and y.
21
Suppose -4 = -x - s + 45, -4 = -4*s. What is the greatest common divisor of 8 and x?
8
Let f = 36 + 258. Let o = f + -123. Calculate the highest common factor of 19 and o.
19
Let z = 17 + 1. Calculate the highest common factor of 24 and z.
6
Suppose -3*d + 25 = -2*o + 5, 17 = 2*d - 5*o. What is the highest common divisor of d and 6?
6
Suppose -4*i - 9 = -17. Suppose -w - 3*h + 36 = i*w, 4*w - 4*h = 80. Calculate the highest common factor of 64 and w.
16
Suppose 0 = 5*c - 8*c + 225. Calculate the highest common factor of c and 25.
25
Suppose -3*m + m = -32. What is the greatest common divisor of 144 and m?
16
Suppose 4*v - 234 + 50 = 0. Calculate the highest common divisor of v and 414.
46
Let t be -1*((-20)/2 - -1). Let q(b) = 44*b + 9. Let k be q(t). Suppose 2*j = -3*j + k. Calculate the greatest common divisor of 9 and j.
9
Let u be 8/40 - 398/(-10). What is the highest common divisor of u and 5?
5
Suppose 7*x - 3*x = -4*v - 100, -v + 155 = -5*x. Let n be 39*-5*4/x. What is the highest common divisor of 78 and n?
26
Let g(p) = 19*p - 1. Let u be g(2). Suppose 2*k = 5 + u. What is the greatest common divisor of 105 and k?
21
Let f(o) = 11*o - 11. Let z be f(-10). Let x be z/(-7) - (-16)/(-56). Calculate the highest common factor of x and 68.
17
Suppose 12 = -3*y + 4*y. Calculate the highest common divisor of 48 and y.
12
Suppose w + 6*a - 1 = a, a - 21 = 5*w. Let p = w + 11. Calculate the greatest common divisor of 56 and p.
7
Suppose -h + 5*n + 107 = 11, 2*h - 5*n = 177. Let m = 8 + 1. Calculate the greatest common factor of h and m.
9
Suppose 4*y - y - 243 = 0. Suppose 3*p = -5*l - 15, -2*l + 0*l = 0. Let c(i) = -i**2 - 8*i - 6. Let u be c(p). Calculate the highest common factor of u and y.
9
Let x = -32 - -67. Suppose 4*t - 5*w = 17, -3*t - 2*w - 3*w = -4. Let v(h) = 2*h - 1. Let k be v(t). What is the highest common divisor of k and x?
5
Let r = 10 - -6. Let m be ((-9)/4)/((-3)/r). What is the highest common divisor of m and 48?
12
Let i(z) = 9*z**2 - 4*z + 3. Let q be i(3). What is the greatest common factor of q and 9?
9
Let s be (2 - 6/9)*9. Let i = s - 0. What is the greatest common divisor of i and 120?
12
Suppose q = 3*t + 44, t = -4*q - 6 - 0. Let y(w) = -w + 1. Let v be y(-1). Let n be t/v*2/(-2). Calculate the highest common divisor of n and 77.
7
Suppose 5*v + 70 = -40. Let b = v + 14. Let j = -6 - b. What is the highest common factor of 8 and j?
2
Suppose -v - 3*d + 11 = -7*d, 2*d = 2*v - 22. Suppose -v + 47 = j. Suppose 5*q - 8 = -2*r + 14, 5*r - j = -3*q. Calculate the highest common divisor of r and 6.
6
Let y(u) = -u**3 + 9*u**2 - 9*u + 4. Let j be y(7). What is the greatest common factor of j and 26?
13
Let z = 19 + 38. Calculate the greatest common factor of 38 and z.
19
Let a = -26 + 229. What is the highest common factor of a and 29?
29
Let x be (-7 + 2)/((-35)/42). Calculate the greatest common divisor of x and 6.
6
Let t be (25 - -1)*5*(-2)/(-20). Calculate the greatest common divisor of t an